 is the millions digit of 176667182?
6
What is the thousands digit of 2575716?
5
What is the hundred thousands digit of 724919187?
9
What is the thousands digit of 3497143012?
3
What is the thousands digit of 836257714?
7
What is the ten thousands digit of 18996643?
9
What is the hundred thousands digit of 3010738?
0
What is the millions digit of 124340793?
4
What is the billions digit of 1747880520?
1
What is the units digit of 4065360168?
8
What is the thousands digit of 3696144079?
4
What is the ten thousands digit of 57866923?
6
What is the tens digit of 426049284?
8
What is the hundreds digit of 85296183?
1
What is the millions digit of 674532839?
4
What is the tens digit of 58733905?
0
What is the thousands digit of 1247006337?
6
What is the millions digit of 266703237?
6
What is the hundred thousands digit of 2357557769?
5
What is the hundred thousands digit of 834491536?
4
What is the tens digit of 834771952?
5
What is the millions digit of 65248886?
5
What is the ten millions digit of 487223476?
8
What is the units digit of 5984204682?
2
What is the tens digit of 995531926?
2
What is the units digit of 50136450?
0
What is the thousands digit of 17848177?
8
What is the ten millions digit of 35253160?
3
What is the hundreds digit of 4446566019?
0
What is the thousands digit of 1092858540?
8
What is the ten thousands digit of 1243102835?
0
What is the hundred thousands digit of 393119947?
1
What is the hundred millions digit of 2358491729?
3
What is the hundred thousands digit of 284209179?
2
What is the ten thousands digit of 35816946?
1
What is the hundreds digit of 18063938?
9
What is the ten millions digit of 840110614?
4
What is the hundreds digit of 2170457325?
3
What is the tens digit of 126064395?
9
What is the ten millions digit of 375389372?
7
What is the ten millions digit of 12174537?
1
What is the hundred thousands digit of 1208855650?
8
What is the tens digit of 94379477?
7
What is the units digit of 116739773?
3
What is the millions digit of 119949222?
9
What is the millions digit of 79526770?
9
What is the tens digit of 1315654197?
9
What is the thousands digit of 68260381?
0
What is the ten millions digit of 46455691?
4
What is the thousands digit of 143924895?
4
What is the units digit of 2537229201?
1
What is the units digit of 2391305162?
2
What is the millions digit of 11530820?
1
What is the hundreds digit of 137371146?
1
What is the hundreds digit of 702034787?
7
What is the ten thousands digit of 741246632?
4
What is the hundred millions digit of 1722568208?
7
What is the hundreds digit of 2813244887?
8
What is the thousands digit of 11261985?
1
What is the ten millions digit of 82888432?
8
What is the hundreds digit of 2461941448?
4
What is the units digit of 13094920?
0
What is the units digit of 378306333?
3
What is the hundred thousands digit of 7158992?
1
What is the thousands digit of 14093433?
3
What is the thousands digit of 2078750629?
0
What is the hundred millions digit of 360000307?
3
What is the ten millions digit of 363310301?
6
What is the tens digit of 109126620?
2
What is the tens digit of 155193954?
5
What is the units digit of 356498884?
4
What is the thousands digit of 394003329?
3
What is the hundred thousands digit of 39355906?
3
What is the tens digit of 60831633?
3
What is the thousands digit of 135496340?
6
What is the thousands digit of 935652848?
2
What is the ten millions digit of 748621380?
4
What is the hundred thousands digit of 1017858973?
8
What is the hundred thousands digit of 98769510?
7
What is the hundred millions digit of 683474632?
6
What is the millions digit of 21838972?
1
What is the ten thousands digit of 71112407?
1
What is the units digit of 42472089?
9
What is the ten thousands digit of 303487060?
8
What is the ten thousands digit of 466911247?
1
What is the ten millions digit of 2545272308?
4
What is the hundred thousands digit of 83877560?
8
What is the ten thousands digit of 2575437467?
3
What is the ten millions digit of 27534694?
2
What is the hundred millions digit of 586516964?
5
What is the units digit of 262503268?
8
What is the ten thousands digit of 73524536?
2
What is the hundred millions digit of 1175510725?
1
What is the ten thousands digit of 427770?
2
What is the ten millions digit of 4359510460?
5
What is the ten millions digit of 221917896?
2
What is the hundred millions digit of 4686603990?
6
What is the millions digit of 924344506?
4
What is the ten thousands digit of 933163196?
6
What is the tens digit of 51388289?
8
What is the ten thousands digit of 59979470?
7
What is the tens digit of 10381099?
9
What is the units digit of 69239497?
7
What is the units digit of 202920181?
1
What is the ten thousands digit of 14026041?
2
What is the thousands digit of 122905608?
5
What is the thousands digit of 448423158?
3
What is the ten thousands digit of 1203828272?
2
What is the hundred thousands digit of 19123898?
1
What is the billions digit of 3906534468?
3
What is the tens digit of 116139307?
0
What is the ten millions digit of 252202132?
5
What is the millions digit of 62414971?
2
What is the hundred millions digit of 3643399989?
6
What is the ten thousands digit of 195582340?
8
What is the thousands digit of 95695726?
5
What is the tens digit of 15790931?
3
What is the units digit of 296165598?
8
What is the ten thousands digit of 24438155?
3
What is the ten millions digit of 44918678?
4
What is the thousands digit of 2330111689?
1
What is the hundred thousands digit of 893883162?
8
What is the hundred thousands digit of 1385714348?
7
What is the tens digit of 97800313?
1
What is the millions digit of 76636958?
6
What is the hundred thousands digit of 1660585632?
5
What is the thousands digit of 37609858?
9
What is the millions digit of 199160860?
9
What is the units digit of 1377073594?
4
What is the hundreds digit of 72218683?
6
What is the millions digit of 96609012?
6
What is the ten millions digit of 53441072?
5
What is the ten millions digit of 3121565622?
2
What is the tens digit of 19082086?
8
What is the units digit of 91950796?
6
What is the hundred thousands digit of 1116469760?
4
What is the tens digit of 323802766?
6
What is the hundred millions digit of 290440517?
2
What is the hundred millions digit of 622522103?
6
What is the thousands digit of 2879749037?
9
What is the hundred thousands digit of 85567567?
5
What is the thousands digit of 28829365?
9
What is the tens digit of 649409586?
8
What is the hundred thousands digit of 79673925?
6
What is the hundreds digit of 471793964?
9
What is the hundred millions digit of 408356422?
4
What is the ten thousands digit of 176363166?
6
What is the millions digit of 959084707?
9
What is the ten thousands digit of 89811072?
1
What is the units digit of 3762650?
0
What is the ten millions digit of 99041223?
9
What is the hundred thousands digit of 71620461?
6
What is the millions digit of 2298384715?
8
What is the hundred millions digit of 791623350?
7
What is the units digit of 47566636?
6
What is the hundred thousands digit of 876954772?
9
What is the hundred millions digit of 1156928935?
1
What is the units digit of 100990526?
6
What is the hundred thousands digit of 1625511188?
5
What is the hundred thousands digit of 4247759225?
7
What is the thousands digit of 81554378?
4
What is the tens digit of 98432572?
7
What is the units digit of 48239299?
9
What is the ten thousands digit of 3097207403?
0
What is the units digit of 48332747?
7
What is the hundreds digit of 253170651?
6
What is the thousands digit of 403158423?
8
What is the millions digit of 20206415?
0
What is the units digit of 1393265703?
3
What is the ten thousands digit of 5979998767?
9
What is the ten millions digit of 103267435?
0
What is the units digit of 2006468135?
5
What is the tens digit of 1253416861?
6
What is the ten thousands digit of 36703159?
0
What is the hundred millions digit of 192381806?
1
What is the millions digit of 1049512019?
9
What is the thousands digit of 86992592?
2
What is the hundred millions digit of 995294169?
9
What is the units digit of 1933667?
7
What is the units digit of 64612213?
3
What is the hundred millions digit of 1080107893?
0
What is the hundred thousands digit of 5167648029?
6
